t of 258?
8
What is the tens digit of 8440?
4
What is the tens digit of 54633?
3
What is the hundreds digit of 3608?
6
What is the tens digit of 4546?
4
What is the ten thousands digit of 16592?
1
What is the ten thousands digit of 16316?
1
What is the hundreds digit of 35368?
3
What is the tens digit of 83227?
2
What is the tens digit of 26430?
3
What is the units digit of 193518?
8
What is the tens digit of 450?
5
What is the tens digit of 929?
2
What is the ten thousands digit of 19938?
1
What is the thousands digit of 1382?
1
What is the units digit of 26609?
9
What is the units digit of 83553?
3
What is the units digit of 999?
9
What is the thousands digit of 10475?
0
What is the units digit of 47679?
9
What is the thousands digit of 146566?
6
What is the hundreds digit of 77888?
8
What is the hundreds digit of 12859?
8
What is the tens digit of 12456?
5
What is the hundreds digit of 56829?
8
What is the units digit of 1524?
4
What is the units digit of 26?
6
What is the thousands digit of 81578?
1
What is the tens digit of 1109?
0
What is the tens digit of 2800?
0
What is the tens digit of 2774?
7
What is the tens digit of 36740?
4
What is the hundreds digit of 6223?
2
What is the tens digit of 31132?
3
What is the hundreds digit of 20386?
3
What is the hundreds digit of 4402?
4
What is the thousands digit of 21860?
1
What is the ten thousands digit of 19282?
1
What is the ten thousands digit of 47017?
4
What is the units digit of 1921?
1
What is the ten thousands digit of 12113?
1
What is the hundreds digit of 27172?
1
What is the hundreds digit of 967?
9
What is the thousands digit of 1368?
1
What is the units digit of 3221?
1
What is the units digit of 4067?
7
What is the ten thousands digit of 125477?
2
What is the tens digit of 123840?
4
What is the units digit of 80491?
1
What is the hundreds digit of 1565?
5
What is the tens digit of 1686?
8
What is the hundreds digit of 4868?
8
What is the units digit of 305?
5
What is the hundreds digit of 4225?
2
What is the units digit of 1503?
3
What is the tens digit of 6882?
8
What is the thousands digit of 13184?
3
What is the hundreds digit of 4360?
3
What is the thousands digit of 52532?
2
What is the thousands digit of 5890?
5
What is the units digit of 112?
2
What is the hundreds digit of 7456?
4
What is the hundreds digit of 9347?
3
What is the hundreds digit of 1650?
6
What is the tens digit of 25339?
3
What is the hundreds digit of 38718?
7
What is the units digit of 1275?
5
What is the units digit of 5399?
9
What is the hundreds digit of 43866?
8
What is the thousands digit of 3828?
3
What is the thousands digit of 39088?
9
What is the thousands digit of 10619?
0
What is the hundreds digit of 55468?
4
What is the hundreds digit of 683?
6
What is the tens digit of 1993?
9
What is the tens digit of 1579?
7
What is the hundreds digit of 28276?
2
What is the units digit of 14952?
2
What is the thousands digit of 13552?
3
What is the hundreds digit of 752?
7
What is the units digit of 1773?
3
What is the hundreds digit of 358?
3
What is the ten thousands digit of 16736?
1
What is the hundreds digit of 983?
9
What is the hundreds digit of 10254?
2
What is the tens digit of 25868?
6
What is the hundreds digit of 905?
9
What is the hundreds digit of 14379?
3
What is the thousands digit of 51773?
1
What is the units digit of 1887?
7
What is the hundreds digit of 2295?
2
What is the tens digit of 3531?
3
What is the units digit of 1353?
3
What is the ten thousands digit of 180546?
8
What is the thousands digit of 128057?
8
What is the thousands digit of 5255?
5
What is the units digit of 325?
5
What is the hundreds digit of 368?
3
What is the hundreds digit of 5125?
1
What is the units digit of 2692?
2
What is the units digit of 5807?
7
What is the tens digit of 595?
9
What is the tens digit of 1869?
6
What is the units digit of 57814?
4
What is the hundreds digit of 4883?
8
What is the units digit of 5797?
7
What is the tens digit of 190?
9
What is the units digit of 47662?
2
What is the thousands digit of 12046?
2
What is the units digit of 404?
4
What is the hundreds digit of 178?
1
What is the hundreds digit of 1040?
0
What is the tens digit of 34254?
5
What is the units digit of 250?
0
What is the ten thousands digit of 11149?
1
What is the units digit of 1607?
7
What is the units digit of 317?
7
What is the hundreds digit of 326?
3
What is the hundreds digit of 1635?
6
What is the ten thousands digit of 33443?
3
What is the hundreds digit of 2590?
5
What is the hundreds digit of 98910?
9
What is the thousands digit of 6021?
6
What is the tens digit of 983?
8
What is the thousands digit of 88241?
8
What is the units digit of 1224?
4
What is the units digit of 11087?
7
What is the tens digit of 24549?
4
What is the units digit of 17?
7
What is the hundreds digit of 965?
9
What is the hundreds digit of 127201?
2
What is the tens digit of 2827?
2
What is the units digit of 818?
8
What is the tens digit of 741?
4
What is the thousands digit of 13684?
3
What is the tens digit of 958?
5
What is the hundreds digit of 15507?
5
What is the units digit of 4077?
7
What is the thousands digit of 16285?
6
What is the hundreds digit of 58046?
0
What is the units digit of 610?
0
What is the tens digit of 2127?
2
What is the thousands digit of 1171?
1
What is the tens digit of 472?
7
What is the tens digit of 1589?
8
What is the tens digit of 181414?
1
What is the hundreds digit of 21673?
6
What is the hundreds digit of 6037?
0
What is the hundreds digit of 485?
4
What is the hundreds digit of 203?
2
What is the units digit of 185?
5
What is the tens digit of 51984?
8
What is the hundreds digit of 24636?
6
What is the hundreds digit of 46650?
6
What is the units digit of 7590?
0
What is the units digit of 1256?
6
What is the hundreds digit of 449?
4
What is the thousands digit of 11539?
1
What is the thousands digit of 6755?
6
What is the ten thousands digit of 182863?
8
What is the hundreds digit of 1651?
6
What is the units digit of 757?
7
What is the hundreds digit of 1241?
2
What is the thousands digit of 17674?
7
What is the thousands digit of 2466?
2
What is the units digit of 37536?
6
What is the units digit of 13536?
6
What is the units digit of 11?
1
What is the hundreds digit of 550?
5
What is the units digit of 13990?
0
What is the ten thousands digit of 49690?
4
What is the hundreds digit of 22728?
7
What is the hundred thousands digit of 143279?
1
What is the tens digit of 818?
1
What is the thousands digit of 1139?
1
What is the ten thousands digit of 10324?
1
What is the units digit of 625?
5
What is the thousands digit of 5360?
5
What is the hundreds digit of 5296?
2
What is the units digit of 24826?
6
What is the tens digit of 8938?
3
What is the ten thousands digit of 11502?
1
What is the tens digit of 439?
3
What is the tens digit of 145984?
8
What is the hundreds digit of 81883?
8
What is the hundreds digit of 1705?
7
What is the thousands digit of 10034?
0
What is the ten thousands digit of 148226?
4
What is the hundreds digit of 1244?
2
What is the tens digit of 36420?
2
What is the tens digit of 68334?
3
What is the units digit of 898?
8
What is the tens digit of 10186?
8
What is the hundreds digit of 10296?
2
What is the thousands digit of 1067?
1
What is the thousands digit of 1591?
1
What is the units digit of 14661?
1
What is the thousands digit of 1275?
1
What is the tens digit of 353?
5
What is the thousands digit of 32343?
2
What is the units digit of 53?
3
What is the hundreds digit of 12652?
6
What is the tens digit of 9222?
2
What is the hundreds digit of 1012?
0
What is the units digit of 1008?
8
What is the hundreds digit of 23041?
0
What is the hundreds digit of 65631?
6
What is the hundreds digit of 2056?
0
What is the hundreds digit of 1523?
5
What is the tens digit of 1201?
0
What is the hundreds digit of 10985?
9
What is the units digit of 11904?
4
What is the units digit of 165?
5
What is the tens digit of 2730?
3
What is the hundreds digit of 4298?
2
What is the units digit of 21497?
7
What is the units digit of 913?
3
What is the units digit of 1644?
4
What is the units digit of 10801?
1
What is the ten thousands digit of 50289?
5
What is the hundreds dig